*l + h - 4405, -5*l - 43*h + 47*h + 7353 = 0. What are the prime factors of l?
13, 113
Let r = 6 - 5. Let b = r + 11. List the prime factors of b.
2, 3
Let a(b) = b**3 + 8*b**2 - 6. Let u be 2 + 18*(3 + (-28)/8). List the prime factors of a(u).
43
Let h = 3594 + -1954. What are the prime factors of h?
2, 5, 41
Let u = -171 - -371. What are the prime factors of u?
2, 5
Let x be (-8)/6*(-6)/2. Let p = x - -5. List the prime factors of -2*6*p/(-12).
3
Suppose -t + 13858 = 3*f - 5*t, -f - 4*t = -4630. What are the prime factors of f?
2, 2311
Let s = -904 - -1624. What are the prime factors of s?
2, 3, 5
Let x be 14/3*(28 - -2). Let k be 21/(-14)*x/(-6). Suppose -7*j = -2*j - k. List the prime factors of j.
7
Let a(v) = 18*v**2 - 4*v + 2. Let x = -35 - -38. List the prime factors of a(x).
2, 19
Let w = 71 - 51. Let z be 24/w - 4/(-5). List the prime factors of (-1)/(-2) - (-55)/z.
2, 7
Let u(h) = -4 + 11*h - 33*h + 16*h + 9*h. What are the prime factors of u(15)?
41
What are the prime factors of (157809/82)/((-2)/(-16)*6)?
2, 1283
Suppose i + 5 = 5*z, 0*i = -4*i + z - 1. Let v be i - (-8 - -3 - -3). What are the prime factors of 4 + -7 - (-18 - v)?
17
List the prime factors of 35/(-21) + -1 + (-10744)/(-6).
2, 3, 149
Let f(o) = -o + 7. Let a(p) = p**3 + 3*p**2 - 2*p + 1. Let m be a(-3). Let c be f(m). Suppose c = -i + 4 - 1. List the prime factors of i.
3
Let s(g) = g. Let f be s(3). Let o(j) = -j**2 + 5*j - 2. Let c be o(f). What are the prime factors of -2 + c - -1*14?
2
Let h = 636 + -261. What are the prime factors of h?
3, 5
Let n = 1680 - 882. List the prime factors of n.
2, 3, 7, 19
Suppose -3*c = -k - 4, 5*c + 2*k - 15 = -1. Suppose c*s - 42 = -2. List the prime factors of s.
2, 5
Suppose 107*y + 1188 = 118*y. List the prime factors of y.
2, 3
Let x(j) = -2*j + 226. List the prime factors of x(-17).
2, 5, 13
Let w be (-14)/(-4) - 9/18. Suppose -w*a + 8*a - 5 = 0. What are the prime factors of ((-5)/(-10))/(a/52)?
2, 13
Suppose -5*l = -10*l + 2260. List the prime factors of l.
2, 113
Let q = 22 + -2. Let a = q - 17. Suppose -5*v + 28 = k, a*k - 2*k - 4*v - 28 = 0. What are the prime factors of k?
2, 7
Suppose -7*f = 2*f - 9. What are the prime factors of (-2)/(-8) - (693/(-12))/f?
2, 29
Let m = -26 - -56. List the prime factors of (-16)/4 + m + -2.
2, 3
Let f(m) = -5*m - 2*m + 13*m + 206. List the prime factors of f(0).
2, 103
Suppose 2 = -0*c - 2*c + 5*t, c + 4 = 4*t. Let s be ((-3)/5)/(c/(-60)). Suppose s = 3*p - 2*f, p - 2 = -4*f + 1. What are the prime factors of p?
3
Suppose 4*n - 2*u - 2 = 0, 0 = 3*n + 2*n - 5*u + 10. Suppose n*b + 183 = 3*c, 0*b = b. What are the prime factors of c?
61
Let b(m) = m**3 - m**2. Let w(f) = 13*f**2 - 17*f - 7. Let a(t) = b(t) + w(t). What are the prime factors of a(-13)?
3, 5
Let j(q) = 353*q**2 + 182*q - 535. List the prime factors of j(3).
2, 797
List the prime factors of (64*12)/(104/364).
2, 3, 7
Let t = -14 - -11. Let q be 13/(-52) + (-15)/4. What are the prime factors of 24/9*t/q?
2
Suppose -16*r + 12*r + 20 = 0. List the prime factors of 132*(-2)/(-4)*r/2.
3, 5, 11
Let k be 2/(-12) - (-5764)/24. Suppose -7*r + 2*r + k = 0. Let x = r - 25. What are the prime factors of x?
23
Let i be (0 - -2 - 25) + 6 + -8. List the prime factors of (-1552)/(-10) - (-5)/i.
5, 31
Suppose g = 4*g - 87. Suppose -6*d = 91 - 103. Suppose -d*u = -5*u - 4*y + g, -2*y + 7 = u. List the prime factors of u.
3, 5
Suppose -2*j - 21 = -3*a, 4*j - j + a = -4. List the prime factors of ((-396)/(-30))/(j/(-15)).
2, 3, 11
Suppose 0 = -f - 3*g - 9, 2*f = -2*g - g - 3. Suppose 0 = 4*o - f - 38. List the prime factors of o.
11
Let p(a) = 3 + 0 + 15*a**2 - 4. List the prime factors of p(1).
2, 7
Suppose -2*y = 2*q - 4558, 0 = 20*q - 24*q - 5*y + 9115. List the prime factors of q.
2, 3, 5, 19
Suppose 0 = 91*f - 87*f - j - 313, -f = -4*j - 67. What are the prime factors of f?
79
Let r(d) = d**2 + 7*d - 10. Let q be r(-8). Let j be 0 - q/(-4)*2. What are the prime factors of j/(2/(-32)) - -3?
19
Suppose -9*b + 4582 + 9044 = 0. What are the prime factors of b?
2, 757
Let c = -676 - -2405. What are the prime factors of c?
7, 13, 19
Suppose 5*t + s = 16310, -6497 = -5*t + 3*t + 5*s. List the prime factors of t.
3, 1087
Suppose -5243 = -14*l - 623. Suppose 0 = -4*f + 4, -2*o = 2*f + 2*f - l. What are the prime factors of o?
163
Let w(n) = -n - 3. Let v(d) = d**2 - 4*d - 1. Let h be v(2). Let m be w(h). Suppose -2*k + 5 = 5*r - 35, m*k = r - 20. List the prime factors of r.
2, 5
Suppose -1282 = -28*l + 26*l. List the prime factors of l.
641
Suppose 0 = 4*t - 155 + 51. Suppose -3*w + 2*r - t = -267, 144 = 2*w + 2*r. List the prime factors of w.
7, 11
Suppose 7*i - 3*i - 4 = -q, 0 = -3*q + 12. Let v = i + 4. Suppose -38 = -v*s + 3*s + p, -3*s + 4*p + 119 = 0. What are the prime factors of s?
3, 11
Suppose 0 = -a - 0*a + 13. Suppose 2*f - 3 = -2*i + 75, 0 = 3*f + 15. Suppose -a*o + 12*o + i = 0. List the prime factors of o.
2, 11
Let l = 1937 - 878. List the prime factors of l.
3, 353
Suppose -u + 10*q + 271 = 9*q, u - 5*q = 251. List the prime factors of u.
2, 3, 23
Let b(a) = a**2 + 8*a - 15. Let w be 0 - (-1 + 4 + -8). Let s be b(w). Suppose 4*r - s = 3*r. What are the prime factors of r?
2, 5
Let n(w) = 3*w + 26. Let y be n(-8). Let r = 12 + -10. Suppose 2*a + 0*o = y*o + 12, -r*a = -o - 12. List the prime factors of a.
2, 3
Let c = 5 + 12. Let s = 28 - c. What are the prime factors of s?
11
Suppose -14*i + 4804 - 478 = 0. List the prime factors of i.
3, 103
List the prime factors of 5/((-2)/8470*-11).
5, 7, 11
Let d = -292 + 426. What are the prime factors of d?
2, 67
Let z = -45 - -50. Suppose -z*t + r + 670 = 0, 4*t - r + 2*r - 536 = 0. What are the prime factors of t?
2, 67
Suppose -8*q - 4*l = -6*q - 2048, -2*q - 5*l = -2045. List the prime factors of q.
2, 5, 103
Let x = -2350 - -4253. List the prime factors of x.
11, 173
Suppose -o + 4 = -9*g + 10*g, 3*g + 6 = 0. List the prime factors of o.
2, 3
Let o(r) = -r**3 - 19*r**2 - 14*r + 307. What are the prime factors of o(-22)?
3, 13, 53
List the prime factors of (4 - 5)*3 + (660 - -1).
2, 7, 47
Suppose 0 = 4*c - 0*c. Let j be (c/(-1))/(5 - 8). Suppose -15 = 3*x, j = 4*k - 4*x - 34 - 6. List the prime factors of k.
5
Suppose 37*w = 46*w - 1242. What are the prime factors of w?
2, 3, 23
Let q = -4134 - -6430. List the prime factors of q.
2, 7, 41
Suppose -1504 = -4*q - 2*z, -4*q = 5*z + z - 1520. What are the prime factors of q?
2, 11, 17
Suppose 2*q = -4*j - 204 + 762, 4*q + 2*j - 1140 = 0. Suppose 0 = 3*l - q - 229. What are the prime factors of l?
2, 43
Suppose 0 = 5*m - 8*m + 9. Suppose -m*d - 1 = -2*d. What are the prime factors of d + 61 + 0/(-21)?
2, 3, 5
Suppose 37 = 4*w + l, -w - l + 1 = -9. Suppose 0 = w*a - 232 - 902. List the prime factors of a.
2, 3, 7
Let m(h) = 3*h**2 - 86*h - 106. What are the prime factors of m(35)?
13, 43
Let n(q) = 66*q + 27. List the prime factors of n(6).
3, 47
Suppose 5 = 4*m - 15. Suppose m*p - 135 = -3*t, 2*t = 4*t - p - 103. What are the prime factors of t?
2, 5
Let y be 6 + ((-9)/3)/(2 - 1). Suppose 0 = f + 3*p + p - 166, 0 = 5*f + y*p - 881. What are the prime factors of f?
2, 89
Let f(r) = r**3 - 3*r**2 - 6*r + 6. Suppose -2*v + 7 = 5*u - 4*u, 0 = 3*v + 5*u. Let n be f(v). Let j = n + -18. What are the prime factors of j?
2
Suppose -104 = 5*x - x. Let r = 12 - x. What are the prime factors of r?
2, 19
Suppose 3*r - 6*r = w + 120, 0 = -4*r - w - 160. List the prime factors of ((-1130)/r)/(1/4).
113
Suppose 2 = 2*d - 2. Let z(l) = -l**2 + 5*l + 79. Let x be z(-7). List the prime factors of d/x - (-204)/10.
2, 5
Suppose 5*h - h = 4*k - 3612, -3603 = -4*k + h. What are the prime factors of k?
2, 3, 5
Let j(n) = 2*n**2 - 13*n - 113. What are the prime factors of j(27)?
2, 7, 71
Let m(k) = 6*k**2 - 15*k - 3. Let q(x) = 7*x**2 - 14*x - 2. Let i(o) = 6*m(o) - 5*q(o). What are the prime factors of i(-6)?
2, 37
Suppose -1 = -z + w, 0*z = z + w - 9. Let x(y) = y**3 - 3*y**2 + 3*y - 3. List the prime factors of x(z).
2, 31
Let l(q) = -3*q**2 + 76*q + 15. What are the prime factors of l(19)?
2, 47
Let x(g) = -2*g - 6. Let s be x(-3). Let z be (-2 - -4)*(0 + 1). Suppose z*j + u - 92 = 0, s = j - 0*u - u - 40. List the prime factors of j.
2, 11
Let t(s) = s